e remainder when 2137 is divided by y(11)?
5
Let x(l) = -l + 14. Suppose -4*k + 45 + 52 = u, u - 98 = -3*k. Let f = -87 + u. Calculate the remainder when f is divided by x(10).
2
Let x = -122 - -197. What is the remainder when x is divided by (63/18)/((-14)/(-76))?
18
Suppose -5481 = -4*z - 4457. What is the remainder when z is divided by 250?
6
What is the remainder when (-158)/(-4)*(-4 + 13 - 3) is divided by 84?
69
What is the remainder when 805 is divided by 5*-1 + 26/(-156)*-570?
85
Let x = -29 + 54. Suppose x*m = 27*m - 22. Suppose -13*o + 64 = -m*o. What is the remainder when o is divided by 7?
4
Let g(l) = l**3 + 373*l**2 - 1892*l + 17. Let h(v) = -v**3 + 8*v**2 + v - 1. What is the remainder when h(8) is divided by g(5)?
0
Suppose v - 1542 = -5*i - 0*i, 3*v - 4587 = -2*i. Calculate the remainder when v is divided by 15.
12
Let m(p) = 2*p**3 + 10*p**2 - 4*p - 5. Let r(l) = l**2 - 4*l - 49. Let g be r(9). What is the remainder when 128 is divided by m(g)?
42
Suppose -4*b - s = -5292, -4564*b + 4560*b + 4*s + 5312 = 0. What is the remainder when b is divided by 268?
252
Let b be 38/(-6) + (-91)/(-273). Calculate the remainder when 224 is divided by ((-160)/(-96) - (-4)/b) + 44.
44
Let i(c) = -18*c**2 - 509*c - 610. Let k(d) = 2*d**2 - 5*d. Calculate the remainder when k(-4) is divided by i(-27).
8
Suppose -o + 2642 = 5*l, -6*o + 2*o + 1592 = 3*l. What is the remainder when l is divided by 28?
24
What is the remainder when 885 is divided by (-13 - (-620)/60)*9/(-1)?
21
Let l(o) = 16*o - 52. Let x be l(4). Calculate the remainder when x/(-20) + 453/5 is divided by 23.
21
Let u = -14518 + 14591. Calculate the remainder when u is divided by 45.
28
Let f(u) = u**3 + 25*u**2 - u - 21. Let n be f(-25). Suppose 4*d - 706 = -5*o, n*o + 187 = -2*d + 3*d. Calculate the remainder when d is divided by 26.
23
What is the remainder when -4*3044/8*(-74)/4 is divided by 247?
246
Let b(n) = -6*n - 27. Let m be b(-13). Let j = 55 - m. Suppose 4*v - j - 8 = 0. What is the remainder when 4 is divided by v?
1
Let f = 14 - -468. What is the remainder when f is divided by 27?
23
Let a(d) = d**2 - 4. Let u be a(-4). Calculate the remainder when (8/u)/((-1)/(-39)) is divided by 10.
6
Suppose -93285 = -28*q + 19387. What is the remainder when q is divided by 161?
160
Let s(z) = 2*z**2 + 22*z + 25. Calculate the remainder when 462 is divided by s(-10).
2
Let m(h) = h**2 + 8*h + 22. Let i be m(-5). Let p(k) = 2*k**2 - 10*k + 4. Calculate the remainder when p(i) is divided by 11.
10
Let q(h) = 42*h - 42*h - 5*h**2 + 51 - 10*h**2 - 4*h**2 + h**3 - 43*h. What is the remainder when 87 is divided by q(21)?
27
Let w(j) = 2*j + 91. Suppose -24*u = -49*u + 325. What is the remainder when w(u) is divided by 40?
37
Calculate the remainder when (12/15 + -4)*(-1425)/30 is divided by 13.
9
Let g = 14 + -22. What is the remainder when (3036/23)/(-66)*54/(-4) is divided by (-25)/(-4) - 6/g?
6
Let p be (-2043)/21 + (-2)/(-7). Let g = 89 - p. Suppose 0 = 3*r + 2*u - 51, 3*u - 7*u = 0. Calculate the remainder when g is divided by r.
16
Let r = 34 + -32. Let l(w) be the third derivative of w**6/60 - w**4/6 + 5*w**3/6 - 14*w**2. What is the remainder when l(r) is divided by 8?
5
Let m(j) = -110*j - 1001. Calculate the remainder when m(-14) is divided by 75.
14
Let x(w) = -w**2 - 2*w + 5. Let k be x(-3). Suppose -k*m + g + 13 = -50, -5*m = g - 140. Let c = -79 - -133. Calculate the remainder when c is divided by m.
25
Let f = -928 + 938. What is the remainder when -3 - -1 - (-48 - -1) is divided by f?
5
Let a be 9/90*-5 - (-87)/6. Suppose 3*z + 2*r = a, -4*z = -r + 4 - 19. Calculate the remainder when z is divided by 4.
0
Let s(z) = z**3 - 55*z**2 - 125*z + 640. What is the remainder when 223 is divided by s(57)?
2
Suppose -3*d - 8424 = -4*t, d + 1304 = -t + 3403. Suppose 0 = -8*n + 345 + t. Calculate the remainder when n is divided by 44.
42
Let s be ((4 - 2)/(-2))/(23/(-437)). Suppose -k - s = -42. Let i(r) = 85*r - 1. What is the remainder when i(1) is divided by k?
15
Let r(p) = 15 + 6 + 0 + 4*p. Calculate the remainder when r(-3) is divided by 8.
1
Let k(o) = o**3 - 26*o**2 + 42*o + 9. Let d be k(25). Suppose 45*r - d = 2131. What is the remainder when r is divided by 29?
28
Let y(j) = -76*j**2 - 540*j - 5. What is the remainder when 162 is divided by y(-7)?
9
Let m = 5358 - 5262. Calculate the remainder when 232 is divided by m.
40
Let c(g) = -9*g**3 - 17*g**2 - 85*g - 77. Calculate the remainder when c(-3) is divided by 1.
0
Let p(y) = -45*y + 2. Suppose 25 - 30 = 5*d. Suppose -70 = -4*w - 22. Calculate the remainder when p(d) is divided by w.
11
Suppose -56*w = -50*w - 60. Suppose -w*x = -134 - 466. Calculate the remainder when x is divided by 32.
28
Suppose -4*t + 38 = m, 41*t - 40 = -2*m + 39*t. What is the remainder when 1789 is divided by m?
11
Let g(l) = -169*l**2 - 7*l + 29 + 170*l**2 - 4. What is the remainder when 34 is divided by g(3)?
8
Let k(t) = -15*t + 187. What is the remainder when 252 is divided by k(6)?
58
Suppose -5*u - f = -157, 0 = -f + 6*f + 15. Let q be ((-2)/(-4)*1)/(2/96). Let a = u - q. What is the remainder when 94 is divided by a?
6
Let w(q) = -q + 1. Let z(o) = 2*o - 41. Let h(l) = -2*w(l) + 2*z(l). What is the remainder when 44 is divided by h(16)?
8
Let r(b) = -2*b**3 - 21*b**2 - b + 17. Let q be r(-10). Let v = 157 + q. Calculate the remainder when v is divided by 26.
6
Let q = 864 - 1709. Let y = 1868 + q. What is the remainder when y is divided by 19?
16
Let p(g) = -21*g + 2135. What is the remainder when p(-24) is divided by 12?
11
Let q(k) = 3*k - 47. Let z(b) = b - 23. Let n(w) = 2*q(w) - 5*z(w). Let o be n(-20). Suppose y = o + 16. Calculate the remainder when 49 is divided by y.
15
Suppose 5*f - 4*l - 87 = 0, f - 3 = -0*f - 4*l. Let q = -2689 - -2746. Calculate the remainder when q is divided by f.
12
Suppose 13*c - 62*c = -1372. Suppose -4 - 4 = -4*y, f - 5*y = 63. Calculate the remainder when f is divided by c/7 - 1 - -16.
16
Suppose -2*r = -h - 17776, 5*r + 69*h = 72*h + 44441. What is the remainder when r is divided by 22?
21
Let x be (138/(-92))/((-3)/(-4) - 1). Suppose -288*i + x = -287*i. What is the remainder when 10 is divided by i?
4
Suppose 0 = 5*d - 39 - 96. Let f(v) be the first derivative of 35*v**3/3 + 3*v**2/2 + 39. What is the remainder when f(-2) is divided by d?
26
Let a = -10618 - -12448. Calculate the remainder when a is divided by 12.
6
Let n = 108 - 104. Let b = 62 - n. Calculate the remainder when b is divided by 10.
8
Let l be 36/(-54) - (-80)/(-6). Let g = 28 + l. Suppose b - 40 + 6 = -3*j, -g = -j - 3*b. What is the remainder when j is divided by 6?
5
Calculate the remainder when ((-549)/(-12))/(9/24) is divided by 38 - (1748/(-161) - 7/49).
24
Calculate the remainder when (-952820)/(-915) - (2 - 10/6) is divided by 70.
61
Suppose -52*h + 4461 - 1081 = 0. Suppose -l - l + 40 = 0. What is the remainder when h is divided by l?
5
Let z(n) = n**3 + 27*n**2 - 59*n - 702. What is the remainder when 197 is divided by z(-28)?
31
Let f be (-1)/10*6*25. Calculate the remainder when 25 is divided by (-3)/(-6) - 50/20 - f.
12
Suppose -1096 = -2*j - 2*w, 4*j = 39*w - 37*w + 2216. Let t(g) = 10*g**2 + g - 1. What is the remainder when j is divided by t(-2)?
34
Let i = -4658 + 4730. Let a = 28 - 9. What is the remainder when i is divided by a?
15
Let h(u) = 7*u**3 - 8*u**2 + 11*u - 80. Calculate the remainder when h(5) is divided by 25.
0
Suppose -5*t = 10, -2*s = s - 4*t - 698. Let c = 21 + -20. Let r = c - -28. What is the remainder when s is divided by r?
27
Let j = -4477 + 4486. What is the remainder when 384 is divided by j?
6
Let w(z) = z**3 - z**2 - 24*z + 15. Let n be w(-5). What is the remainder when 55 is divided by (n/2)/(83/(-332))?
25
Suppose -285*l - 42 = -287*l. Calculate the remainder when 398 is divided by l.
20
Let v(h) = -h**3 + 4*h**2 + 6*h + 4. Let c be v(4). Suppose 1 = p - 5*w, -8*w + 4*w + c = 4*p. What is the remainder when 176/6 - 1/3 is divided by p?
5
Suppose 8*a = -8*a. Suppose -8*d + a*d = 344. Let u = d + 56. Calculate the remainder when 87 is divided by u.
9
Let a = 786 - 441. Suppose -68 = -7*q + a. What is the remainder when 229 is divided by q?
52
Let n be 2 + 4 + 11 + -206. Let i = -167 - 